{"id":1694,"date":"2013-03-27T17:57:22","date_gmt":"2013-03-27T16:57:22","guid":{"rendered":"http:\/\/scheidung-beratung-online.de\/?page_id=1694"},"modified":"2023-06-29T12:30:40","modified_gmt":"2023-06-29T11:30:40","slug":"welches-recht-gilt","status":"publish","type":"page","link":"https:\/\/scheidung-beratung-online.de\/?page_id=1694","title":{"rendered":"Welches Recht gilt?"},"content":{"rendered":"<p><span style=\"font-size: 16px; font-family: arial, helvetica, sans-serif;\">Welches Recht gilt, bestimmt die &#8222;Rom-III-Verordnung&#8220;! <\/span><\/p>\n<p><span style=\"font-size: 16px; font-family: arial, helvetica, sans-serif;\">Haben Sie und Ihr Ehepartner nicht dieselbe Staatsangeh\u00f6rigkeit, so k\u00f6nnen Sie sich das Scheidungsrecht selbst aussuchen. Das gilt auch dann, wenn Sie und Ihr Ehepartner dieselbe Staatsangeh\u00f6rigkeit haben, aber Sie beide nicht in Ihrem Heimatland wohnen.\u00a0 Nach der &#8222;Rom-III-Verordnung&#8220; k\u00f6nnen die Ehepartner vereinbaren, dass entweder das Recht des Staates gilt<\/span><\/p>\n<ul>\n<li><span style=\"font-size: 16px; font-family: arial, helvetica, sans-serif;\">in dem sie beide wohnen oder<\/span><\/li>\n<li><span style=\"font-size: 16px; font-family: arial, helvetica, sans-serif;\">in dem sie zuletzt gewohnt haben, wenn noch einer der Ehepartner dort wohnt.<\/span><\/li>\n<\/ul>\n<p><span style=\"font-size: 16px; font-family: arial, helvetica, sans-serif;\">Weiter ist es m\u00f6glich, das Scheidungsrecht des Staates zu w\u00e4hlen, dem einer der Ehepartner angeh\u00f6rt.<\/span><\/p>\n<p><span style=\"color: #000000; font-size: medium;\">Wollen Sie es ganz genau wissen, dann sehen Sie sich mein <a title=\"Video welches Recht internationale Scheidung\" href=\"https:\/\/www.youtube.com\/watch?v=hBj1hOGJQZk&amp;t=33s\" target=\"_blank\" rel=\"noopener\">Video auf YouTube<\/a> an.<\/span><\/p>\n<div><span style=\"font-size: 16px; font-family: arial, helvetica, sans-serif;\">Es kann auch das Recht des Staates gew\u00e4hlt werden, in dem das Gericht liegt, an das sich die Ehepartner wegen Ihrer Scheidung wenden.<\/span><\/div>\n<div><\/div>\n<div><span style=\"font-size: 16px; font-family: arial, helvetica, sans-serif;\"><span style=\"font-size: 16px; font-family: arial, helvetica, sans-serif;\"> Wollen die Ehepartner das Scheidungsrecht <span style=\"text-decoration: underline;\">nicht<\/span> selbst w\u00e4hlen, so gilt nach der &#8222;Rom-III-Verordnung&#8220; folgendes<\/span><\/span><\/p>\n<div><\/div>\n<div>\n<ul>\n<li><span style=\"font-size: 16px; font-family: arial, helvetica, sans-serif;\">Es gilt das Recht des Staates, in dem beide Ehepartner wohnen. <\/span><\/li>\n<li><span style=\"font-size: 16px; font-family: arial, helvetica, sans-serif;\">Sonst gilt das Recht des Staates, in dem beide Ehepartner zuletzt gewohnt haben und einer der Ehepartner dort noch wohnt (dabei darf der Scheidungsantrag aber nicht sp\u00e4ter als ein Jahr nach dem gemeinsamen Wohnen gestellt werden). <\/span><\/li>\n<li><span style=\"font-size: 16px; font-family: arial, helvetica, sans-serif;\">Liegt beides nicht vor, so wird das Recht des Staates angewendet, dem beide Ehepartner angeh\u00f6ren. <\/span><\/li>\n<li><span style=\"font-size: 16px; font-family: arial, helvetica, sans-serif;\">Wenn keiner dieser 3 Punkt vorliegt, so gilt das Recht des Staates in dem das Gericht liegt, an das sich die Ehepartner wenden.<\/span><\/li>\n<\/ul>\n<\/div>\n<p><span style=\"font-size: medium;\">Welches Recht f\u00fcr Ihre Scheidung gilt und die Frage, welches <a href=\"http:\/\/scheidung-beratung-online.de\/?page_id=1686\">Gericht f\u00fcr Ihre Scheidung \u00f6rtlich zust\u00e4ndig<\/a> ist, haben direkt nichts miteinander zu tun. <a title=\"Scheidung\" href=\"http:\/\/scheidung-beratung-online.de\/\" target=\"_blank\" rel=\"noopener\"> Home<\/a><\/span><\/p>\n<p dir=\"ltr\"><span style=\"font-family: arial, helvetica, sans-serif; font-size: 16px;\">Wir freuen uns darauf, Ihnen zu helfen. F\u00fcllen Sie einfach das\u00a0<a title=\"Scheidungsformular\" href=\"http:\/\/scheidung-beratung-online.de\/?page_id=2148\" target=\"_blank\" rel=\"noopener\">Scheidungsformular<\/a>\u00a0aus oder nehmen Sie \u00fcber Telefon oder E-Mail Kontakt zu uns auf:<\/span><\/p>\n<p dir=\"ltr\"><span style=\"font-family: arial, helvetica, sans-serif; font-size: 16px;\"><strong>Telefon: 02331-409319<\/strong><\/span><\/p>\n<p dir=\"ltr\"><span style=\"font-family: arial, helvetica, sans-serif; font-size: 16px;\">E-Mail:<strong>\u00a0info@twitting.eu<\/strong><\/span><\/p>\n<\/div>\n","protected":false},"excerpt":{"rendered":"<p>Welches Recht gilt, bestimmt die &#8222;Rom-III-Verordnung&#8220;! Haben Sie und Ihr Ehepartner nicht dieselbe Staatsangeh\u00f6rigkeit, so k\u00f6nnen Sie sich das Scheidungsrecht selbst aussuchen. Das gilt auch dann, wenn Sie und Ihr Ehepartner dieselbe Staatsangeh\u00f6rigkeit haben, aber Sie beide nicht in Ihrem &hellip; <a href=\"https:\/\/scheidung-beratung-online.de\/?page_id=1694\">Weiterlesen <span class=\"meta-nav\">&rarr;<\/span><\/a><\/p>\n","protected":false},"author":1,"featured_media":0,"parent":1686,"menu_order":0,"comment_status":"open","ping_status":"open","template":"","meta":[],"aioseo_notices":[],"acf":[],"_links":{"self":[{"href":"https:\/\/scheidung-beratung-online.de\/index.php?rest_route=\/wp\/v2\/pages\/1694"}],"collection":[{"href":"https:\/\/scheidung-beratung-online.de\/index.php?rest_route=\/wp\/v2\/pages"}],"about":[{"href":"https:\/\/scheidung-beratung-online.de\/index.php?rest_route=\/wp\/v2\/types\/page"}],"author":[{"embeddable":true,"href":"https:\/\/scheidung-beratung-online.de\/index.php?rest_route=\/wp\/v2\/users\/1"}],"replies":[{"embeddable":true,"href":"https:\/\/scheidung-beratung-online.de\/index.php?rest_route=%2Fwp%2Fv2%2Fcomments&post=1694"}],"version-history":[{"count":38,"href":"https:\/\/scheidung-beratung-online.de\/index.php?rest_route=\/wp\/v2\/pages\/1694\/revisions"}],"predecessor-version":[{"id":2922,"href":"https:\/\/scheidung-beratung-online.de\/index.php?rest_route=\/wp\/v2\/pages\/1694\/revisions\/2922"}],"up":[{"embeddable":true,"href":"https:\/\/scheidung-beratung-online.de\/index.php?rest_route=\/wp\/v2\/pages\/1686"}],"wp:attachment":[{"href":"https:\/\/scheidung-beratung-online.de\/index.php?rest_route=%2Fwp%2Fv2%2Fmedia&parent=1694"}],"curies":[{"name":"wp","href":"https:\/\/api.w.org\/{rel}","templated":true}]}}