{"id":2080,"date":"2017-08-26T15:39:46","date_gmt":"2017-08-26T14:39:46","guid":{"rendered":"http:\/\/scheidung-beratung-online.de\/?page_id=2080"},"modified":"2025-03-01T17:26:40","modified_gmt":"2025-03-01T16:26:40","slug":"impressum","status":"publish","type":"page","link":"https:\/\/scheidung-beratung-online.de\/?page_id=2080","title":{"rendered":"Impressum+Cookies"},"content":{"rendered":"<h1><a href=\"https:\/\/plus.google.com\/116376411478965228305\" rel=\"publisher\">Google+<\/a>Impressum und Datenschutzhinweise<\/h1>\n<p><strong>Gem. \u00a7 6 neue Fassung TDG aufgrund des Gesetzes \u00fcber rechtliche Rahmenbedingungen f\u00fcr den elektronischen\u00a0<\/strong> <strong>Gesch\u00e4ftsverkehr und der Dienstleistungs- und Informationspflichten-Verordnung (DL-InfoV).<\/strong> <strong>Es gelten folgende berufsrechtlichen Regelungen:<\/strong><\/p>\n<ul>\n<li>Bundesrechtsanwaltsverordnung (BRAO)<\/li>\n<li>Berufsordnung (BORA)<\/li>\n<li>Rechtsanwaltsverg\u00fctungsgesetz (RVG)<\/li>\n<li>Berufsregeln der Rechtsanw\u00e4lte der Europ\u00e4ischen Union (CCBE).<\/li>\n<\/ul>\n<p>Die berufsrechtlichen Regelungen k\u00f6nnen \u00fcber die Homepage der Bundesrechtsanwaltskammer (<a href=\"http:\/\/www.brak.de\/\" target=\"_blank\" rel=\"noopener\">www.brak.de<\/a>) in der Rubrik &#8222;Berufsfeld&#8220; auf Deutsch und Englisch eingesehen und abgerufen werden. <strong>Name des Diensteanbieters:<\/strong>Dirk Twitting Rechtsanwalt Am Karweg 50, 58135<\/p>\n<address>\u00a0<strong>Kontaktdaten:\u00a0<\/strong><span style=\"font-style: normal;\">Am Karweg 50, 58135 Hagen. Tel:(02331) 409319 Fax (02331) 400819<\/span><\/address>\n<p>info@twitting.eu<\/p>\n<address><strong style=\"font-style: normal;\">Angabe der Kammer:<\/strong><span style=\"font-style: normal;\"> Rechtsanwaltskammer Hamm Ostenallee 18 59063 Hamm Tel: 02381\/985000 Fax: 02381\/985050 E-mail:<\/span><a style=\"font-style: normal;\" href=\"mailto:info@rak-hamm.de\">info@rak-hamm.de<\/a><span style=\"font-style: normal;\"> Hompage:<\/span><a style=\"font-style: normal;\" href=\"http:\/\/www.rechtsanwaltskammer-hamm.de\/\" target=\"_blank\" rel=\"noopener\">www.rak-hamm.de<\/a><\/address>\n<address><span style=\"font-style: normal;\">\u00a0<\/span><strong style=\"font-style: normal;\">Berufsbezeichnung: Rechtsanwalt<\/strong><span style=\"font-style: normal;\"> Der Rechtsanwalt ist nach dem Recht der Bundesrepublik Deutschland zugelassen und Mitglied der Rechtsanwaltskammer, Ostenallee 18, 59063 Hamm, E-Mail:\u00a0<\/span><a style=\"font-style: normal;\" href=\"mailto:info@rak-hamm.de\">info@rak-hamm.de<\/a><span style=\"font-style: normal;\">, Homepage\u00a0<\/span><a style=\"font-style: normal;\" href=\"http:\/\/www.rak-hamm.de\/\" target=\"_blank\" rel=\"noopener\">www.rak-hamm.de<\/a><\/address>\n<address><strong style=\"font-style: normal;\">Umsatzsteueridentifikationsnummer:<\/strong><span style=\"font-style: normal;\"> DE 181866148 <\/span><strong style=\"font-style: normal;\">Berufshaftpflichtversicherung:<\/strong><span style=\"font-style: normal;\"> Der Rechtsanwalt unterh\u00e4lt eine Berufhaftpflichtversicherung: HDI-Gerling Firmen und Privatversicherungs AG, Neumarkt 15, 66117 Saarbr\u00fccken. <\/span><\/address>\n<address><strong style=\"font-style: normal;\">R\u00e4umlicher Geltungsbereich:<\/strong><span style=\"font-style: normal;\"> 1. Deutschland 2. Europ\u00e4isches Ausland <\/span><strong style=\"font-style: normal;\">Au\u00dfergerichtliche Streitschlichtung:<\/strong><span style=\"font-style: normal;\"> Au\u00dfergerichtliche Streitschlichtung: Bei Streitigkeiten zwischen Rechtsanwalt und seinem Auftraggeber besteht auf Antrag die M\u00f6glichkeit der au\u00dfergerichtlichen Streitschlichtung bei der regionalen Rechtsanwaltskammer in Hamm (gem\u00e4\u00df \u00a7 73 Abs. 2 Nr. 3 in Verbindung mit \u00a7 73 Abs. 5 BRAO bei der Bundesrechtsanwaltskammer im Internet zu finden \u00fcber die Homepage der Bundesrechtsanwaltskammer\u00a0<\/span><a style=\"font-style: normal;\" href=\"http:\/\/www.brak.de\/\" target=\"_blank\" rel=\"noopener\">www.brak.de<\/a><span style=\"font-style: normal;\">.)<\/span><\/address>\n<h1><a href=\"https:\/\/unfall-und-was-jetzt.de\/impressum\/\" target=\"_blank\" rel=\"noopener\">Datenschutzhinweise<\/a><\/h1>\n<address>Haftung f\u00fcr Links<\/address>\n<p>Unser Angebot enth\u00e4lt Links zu externen Websites Dritter, auf deren Inhalte wir keinen Einfluss haben. Daher k\u00f6nnen wir f\u00fcr diese fremden Inhalte auch keine Gew\u00e4hr \u00fcbernehmen. F\u00fcr die Inhalte der verlinkten Seiten ist stets der jeweilige Anbieter\/Betreiber der Seiten verantwortlich. Die verlinkten Seiten wurden zum Zeitpunkt der Verlinkung auf m\u00f6gliche Rechtsverst\u00f6\u00dfe \u00fcberpr\u00fcft. Rechtswidrige Inhalte waren zum Zeitpunkt der Verlinkung nicht erkennbar. Eine permanente inhaltliche Kontrolle der verlinkten Seiten ist jedoch ohne konkrete Anhaltspunkte einer Rechtsverletzung nicht zumutbar. Bei Bekanntwerden von Rechtsverletzungen werden wir derartige Links umgehend entfernen.<\/p>\n<address>Urheberrecht<\/address>\n<p>Die durch die Seitenbetreiber erstellten Inhalte und Werke auf diesen Seiten unterliegen dem deutschen Urheberrecht.Die Vervielf\u00e4ltigung, Bearbeitung, Verbreitung und jede Art der Verwertung au\u00dferhalb der Grenzen des Urheberrechtes bed\u00fcrfen der schriftlichen Zustimmung des jeweiligen Autors bzw. Erstellers. Downloads und Kopien dieser Seite sind nur f\u00fcr den privaten, nicht kommerziellen Gebrauch.<\/p>\n<address>Allgemeine Datenschutzerkl\u00e4rung<\/address>\n<p>Betreiber dieser Seiten nehmen den Schutz Ihrer pers\u00f6nlichen Daten sehr ernst. Wir behandeln Ihre personenbezogenen Daten vertraulich und entsprechend der gesetzlichen Datenschutzvorschriften sowie dieser Datenschutzerkl\u00e4rung. Die Nutzung unserer Internetseite ist in der Regel ohne Angabe personenbezogener Daten m\u00f6glich. Soweit auf unseren Seiten personenbezogene Daten (beispielsweise Name, Adresse oder E-Mail-Adressen) erhoben werden, erfolgt dies, soweit m\u00f6glich, stets auf freiwilliger Basis. Diese Daten werden ohne Ihre ausdr\u00fcckliche Zustimmung nicht an Dritte weitergegeben. Wir weisen darauf hin, dass die Daten\u00fcbertragung im Internet (z. B. bei der Kommunikation per E-Mail) Sicherheitsl\u00fccken aufweisen kann. Ein l\u00fcckenloser Schutz der Daten vor dem Zugriff durch Dritte ist nicht m\u00f6glich.<\/p>\n<address>Cookies<\/address>\n<p>Die Internetseiten verwenden teilweise so genannte Cookies. Cookies richten auf Ihrem Rechner keinen Schaden an und enthalten keine Viren. Cookies dienen dazu, unser Angebot nutzerfreundlicher, effektiver und sicherer zu machen. Cookies sind kleine Textdateien, die auf Ihrem Rechner abgelegt werden und die Ihr Browser speichert. Die meisten der von uns verwendeten Cookies sind so genannte \u201eSession-Cookies\u201c. Sie werden nach Ende Ihres Besuchs automatisch gel\u00f6scht. Andere Cookies bleiben auf Ihrem Endger\u00e4t gespeichert, bis Sie diese l\u00f6schen. Diese Cookies erm\u00f6glichen es uns, Ihren Browser beim n\u00e4chsten Besuch wiederzuerkennen. Sie k\u00f6nnen Ihren Browser so einstellen, dass Sie \u00fcber das Setzen von Cookies informiert werden und Cookies nur im Einzelfall erlauben, die Annahme von Cookies f\u00fcr bestimmte F\u00e4lle oder generell ausschlie\u00dfen sowie das automatische L\u00f6schen der Cookies beim Schlie\u00dfen des Browser aktivieren. Bei der Deaktivierung von Cookies kann die Funktionalit\u00e4t dieser Internetseite eingeschr\u00e4nkt sein. <em>Server-Log-Files <\/em>Der Provider der Seiten erhebt und speichert automatisch Informationen in so genannten Server-Log Files, die Ihr Browser automatisch an uns \u00fcbermittelt. Dies sind:<\/p>\n<ul>\n<li>Browsertyp und Browserversion<\/li>\n<li>verwendetes Betriebssystem<\/li>\n<li>URL<\/li>\n<li>Hostname des zugreifenden Rechners<\/li>\n<li>Uhrzeit der Serveranfrage<\/li>\n<\/ul>\n<p>Diese Daten sind nicht bestimmten Personen zuordenbar. Eine Zusammenf\u00fchrung dieser Daten mit anderen Datenquellen wird nicht vorgenommen. Wir behalten uns vor, diese Daten nachtr\u00e4glich zu pr\u00fcfen, wenn uns konkrete Anhaltspunkte f\u00fcr eine rechtswidrige Nutzung bekannt werden. <em> Kontaktformular <\/em> Wenn Sie uns per Kontaktformular Anfragen zukommen lassen, werden Ihre Angaben aus dem Anfrageformular inklusive der von Ihnen dort angegebenen Kontaktdaten zwecks Bearbeitung der Anfrage und f\u00fcr den Fall von Anschlussfragen bei uns gespeichert. Diese Daten geben wir nicht ohne Ihre Einwilligung weiter. <em> Google Analytics <\/em> Diese Internetseite nutzt Funktionen des Webanalysedienstes Google Analytics. Anbieter ist die Google Inc., 1600 Amphitheatre Parkway Mountain View, CA 94043, USA. Google Analytics verwendet so genannte &#8222;Cookies&#8220;. Das sind Textdateien, die auf Ihrem Computer gespeichert werden und die eine Analyse der Benutzung der Internetseite durch Sie erm\u00f6glichen. Die durch den Cookie erzeugten Informationen \u00fcber Ihre Benutzung dieser Internetseite werden in der Regel an einen Server von Google in den USA \u00fcbertragen und dort gespeichert. <em> IP Anonymisierung <\/em>Wir haben auf dieser Internetseite die Funktion IP-Anonymisierung aktiviert. Dadurch wird Ihre IP-Adresse von Google innerhalb von Mitgliedstaaten der Europ\u00e4ischen Union oder in anderen Vertragsstaaten des Abkommens \u00fcber den Europ\u00e4ischen Wirtschaftsraum vor der \u00dcbermittlung in die USA gek\u00fcrzt. Nur in Ausnahmef\u00e4llen wird die volle IP-Adresse an einen Server von Google in den USA \u00fcbertragen und dort gek\u00fcrzt. Im Auftrag des Betreibers dieser Internetseite wird Google diese Informationen benutzen, um Ihre Nutzung der Internetseite auszuwerten, um Reports \u00fcber die Websiteaktivit\u00e4ten zusammenzustellen und um weitere mit der Websitenutzung und der Internetnutzung verbundene Dienstleistungen gegen\u00fcber dem Websitebetreiber zu erbringen. Die im Rahmen von Google Analytics von Ihrem Browser \u00fcbermittelte IP- Adresse wird nicht mit anderen Daten von Google zusammengef\u00fchrt. Browser Plug-In Sie k\u00f6nnen die Speicherung der Cookies durch eine entsprechende Einstellung Ihrer Browser-Software verhindern; wir weisen Sie jedoch darauf hin, dass Sie in diesem Fall ggf. nicht s\u00e4mtliche Funktionen dieser Internetseite vollumf\u00e4nglich werden nutzen k\u00f6nnen. Sie k\u00f6nnen dar\u00fcber hinaus die Erfassung der durch den Cookie erzeugten und auf Ihre Nutzung der Internetseite bezogenen Daten (inkl. Ihrer IP-Adresse) an Google sowie die Verarbeitung dieser Daten durch Google verhindern, indem Sie das unter dem folgenden Link verf\u00fcgbare Browser-Plug-In herunterladen und installieren: https:\/\/tools.google.com\/dlpage\/gaoptout?hl=de<\/p>\n<address>Widerspruch gegen Datenerfassung<\/address>\n<p>Sie k\u00f6nnen die Erfassung Ihrer Daten durch Google Analytics verhindern, indem Sie auf folgenden Link klicken. Es wird ein Opt-Out-Cookie gesetzt, der die Erfassung Ihrer Daten bei zuk\u00fcnftigen Besuchen dieser Internetseite verhindert: Google Analytics deaktivieren Mehr Informationen zum Umgang mit Nutzerdaten bei Google Analytics finden Sie in der Datenschutzerkl\u00e4rung von Google: https:\/\/support.google.com\/analytics\/answer\/6004245?hl=de. <em>Auftragsdatenverarbeitung <\/em>Wir haben mit Google einen Vertrag zur Auftragsdatenverarbeitung abgeschlossen und setzen die strengen Vorgaben der deutschen Datenschutzbeh\u00f6rden bei der Nutzung von Google Analytics vollst\u00e4ndig um.<\/p>\n<address>Demografische Merkmale<\/address>\n<p>Diese Internetseite nutzt die Funktion \u201cdemografische Merkmale\u201d von Google Analytics. Dadurch k\u00f6nnen Berichte erstellt werden, die Aussagen zu Alter, Geschlecht und Interessen der Seitenbesucher enthalten. Diese Daten stammen aus interessenbezogener Werbung von Google sowie aus Besucherdaten von Drittanbietern. Diese Daten k\u00f6nnen keiner bestimmten Person zugeordnet werden. Sie k\u00f6nnen diese Funktion jederzeit \u00fcber die Anzeigeneinstellungen in Ihrem Google-Konto deaktivieren oder die Erfassung Ihrer Daten durch Google Analytics wie im Punkt \u201cWiderspruch gegen Datenerfassung\u201d dargestellt generell untersagen. <em>Hinweis f\u00fcr Ihren Internetseite-Administrator zu Google Analytics <\/em> In Browsern mobiler Endger\u00e4te (Smartphones, Tablets) funktionieren Add-Ons zum Unterdr\u00fccken des Google-Analytics-Nutzertrackings nicht immer. Nutzer m\u00fcssen die M\u00f6glichkeit haben, die Erfassung ihres Verhaltens durch Google Analytics zu deaktivieren. Daf\u00fcr ist in Ihrer Datenschutzerkl\u00e4rung am Ende des Abschnitts \u201eDatenschutzerkl\u00e4rung f\u00fcr die Nutzung von Google Analytics &#8211; Widerspruch gegen Datenerfassung\u201c &#8211; ein zus\u00e4tzlicher JavaScript-Link integriert. Beim Klick darauf wird beim Nutzer ein Cookie erzeugt, der das Nutzertracking in dem Browser des Nutzers f\u00fcr das mit Ihrer Internetseite verkn\u00fcpfte Google-Analytics-Account deaktiviert. Damit dieser Link funktioniert, kann folgender HTML-Quellcode mit JavaScript VOR Ihrem Google Analytics Tracking Code platziert werden. Dabei sollte au\u00dferdem die Zeichenfolge UA-XXXXXXX-X durch Ihre Google Analytics Tracking ID ersetzt werden. <em> Facebook-Plug-Ins (Like-Button) <\/em> Auf unseren Seiten sind Plug-Ins des sozialen Netzwerks Facebook, Anbieter Facebook Inc., 1 Hacker Way, Menlo Park, California 94025, USA, integriert. Die Facebook-Plugins erkennen Sie an dem Facebook-Logo oder dem &#8222;Like-Button&#8220; (&#8222;Gef\u00e4llt mir&#8220;) auf unserer Seite. Eine \u00dcbersicht \u00fcber die Facebook-Plugins finden Sie hier: https:\/\/developers.facebook.com\/docs\/plugins\/. Wenn Sie unsere Seiten besuchen, wird \u00fcber das Plug-In eine direkte Verbindung zwischen Ihrem Browser und dem Facebook-Server hergestellt. Facebook erh\u00e4lt dadurch die Information, dass Sie mit Ihrer IP-Adresse unsere Seite besucht haben. Wenn Sie den Facebook &#8222;Like-Button&#8220; anklicken w\u00e4hrend Sie in Ihrem Facebook-Account eingeloggt sind, k\u00f6nnen Sie die Inhalte unserer Seiten auf Ihrem Facebook-Profil verlinken. Dadurch kann Facebook den Besuch unserer Seiten Ihrem Benutzerkonto zuordnen. Wir weisen darauf hin, dass wir als Anbieter der Seiten keine Kenntnis vom Inhalt der \u00fcbermittelten Daten sowie deren Nutzung durch Facebook erhalten. Weitere Informationen hierzu finden Sie in der Datenschutzerkl\u00e4rung von Facebook unter https:\/\/de-de.facebook.com\/policy.php. Wenn Sie nicht w\u00fcnschen, dass Facebook den Besuch unserer Seiten Ihrem Facebook-Nutzerkonto zuordnen kann, loggen Sie sich bitte aus Ihrem Facebook-Benutzerkonto aus. <em> Google+1 <\/em> Unsere Seiten nutzen Funktionen von Google+. Anbieter ist die Google Inc., 1600 Amphitheatre Parkway Mountain View, CA 94043, USA. Erfassung und Weitergabe von Informationen: Mithilfe der Google+-Schaltfl\u00e4che k\u00f6nnen Sie Informationen weltweit ver\u00f6ffentlichen. \u00dcber die Google+-Schaltfl\u00e4che erhalten Sie und andere Nutzer personalisierte Inhalte von Google und unseren Partnern. Google speichert sowohl die Information, dass Sie f\u00fcr einen Inhalt +1 gegeben haben, als auch Informationen \u00fcber die Seite, die Sie beim Klicken auf +1 angesehen haben. Ihre +1 k\u00f6nnen als Hinweise zusammen mit Ihrem Profilnamen und Ihrem Foto in Google-Diensten, wie etwa in Suchergebnissen oder in Ihrem Google-Profil, oder an anderen Stellen auf Websites und Anzeigen im Internet eingeblendet werden. Google zeichnet Informationen \u00fcber Ihre +1-Aktivit\u00e4ten auf, um die Google-Dienste f\u00fcr Sie und andere zu verbessern. Um die Google+-Schaltfl\u00e4che verwenden zu k\u00f6nnen, ben\u00f6tigen Sie ein weltweit sichtbares, \u00f6ffentliches Google-Profil, das zumindest den f\u00fcr das Profil gew\u00e4hlten Namen enthalten muss. Dieser Name wird in allen Google-Diensten verwendet. In manchen F\u00e4llen kann dieser Name auch einen anderen Namen ersetzen, den Sie beim Teilen von Inhalten \u00fcber Ihr Google-Konto verwendet haben. Die Identit\u00e4t Ihres Google-Profils kann Nutzern angezeigt werden, die Ihre E-Mail-Adresse kennen oder \u00fcber andere identifizierende Informationen von Ihnen verf\u00fcgen. Verwendung der erfassten Informationen: Neben den oben erl\u00e4uterten Verwendungszwecken werden die von Ihnen bereitgestellten Informationen gem\u00e4\u00df den geltenden Google-Datenschutzbestimmungen genutzt. Google ver\u00f6ffentlicht m\u00f6glicherweise zusammengefasste Statistiken \u00fcber die +1-Aktivit\u00e4ten der Nutzer bzw. gibt diese an Nutzer und Partner weiter, wie etwa Publisher, Inserenten oder verbundene Websites.<\/p>\n<p><em> Recht auf Auskunft, L\u00f6schung, Sperrung <\/em><\/p>\n<p>Sie haben jederzeit das Recht auf unentgeltliche Auskunft \u00fcber Ihre gespeicherten personenbezogenen Daten, deren Herkunft und Empf\u00e4nger und den Zweck der Datenverarbeitung sowie ein Recht auf Berichtigung, Sperrung oder L\u00f6schung dieser Daten. Hierzu sowie zu weiteren Fragen zum Thema personenbezogene Daten k\u00f6nnen Sie sich jederzeit unter der im Impressum angegebenen Adresse an uns wenden .<\/p>\n","protected":false},"excerpt":{"rendered":"<p>Google+Impressum und Datenschutzhinweise Gem. \u00a7 6 neue Fassung TDG aufgrund des Gesetzes \u00fcber rechtliche Rahmenbedingungen f\u00fcr den elektronischen\u00a0 Gesch\u00e4ftsverkehr und der Dienstleistungs- und Informationspflichten-Verordnung (DL-InfoV). Es gelten folgende berufsrechtlichen Regelungen: Bundesrechtsanwaltsverordnung (BRAO) Berufsordnung (BORA) Rechtsanwaltsverg\u00fctungsgesetz (RVG) Berufsregeln der Rechtsanw\u00e4lte der &hellip; <a href=\"https:\/\/scheidung-beratung-online.de\/?page_id=2080\">Weiterlesen <span class=\"meta-nav\">&rarr;<\/span><\/a><\/p>\n","protected":false},"author":1,"featured_media":0,"parent":0,"menu_order":0,"comment_status":"open","ping_status":"open","template":"","meta":[],"aioseo_notices":[],"acf":[],"_links":{"self":[{"href":"https:\/\/scheidung-beratung-online.de\/index.php?rest_route=\/wp\/v2\/pages\/2080"}],"collection":[{"href":"https:\/\/scheidung-beratung-online.de\/index.php?rest_route=\/wp\/v2\/pages"}],"about":[{"href":"https:\/\/scheidung-beratung-online.de\/index.php?rest_route=\/wp\/v2\/types\/page"}],"author":[{"embeddable":true,"href":"https:\/\/scheidung-beratung-online.de\/index.php?rest_route=\/wp\/v2\/users\/1"}],"replies":[{"embeddable":true,"href":"https:\/\/scheidung-beratung-online.de\/index.php?rest_route=%2Fwp%2Fv2%2Fcomments&post=2080"}],"version-history":[{"count":8,"href":"https:\/\/scheidung-beratung-online.de\/index.php?rest_route=\/wp\/v2\/pages\/2080\/revisions"}],"predecessor-version":[{"id":3364,"href":"https:\/\/scheidung-beratung-online.de\/index.php?rest_route=\/wp\/v2\/pages\/2080\/revisions\/3364"}],"wp:attachment":[{"href":"https:\/\/scheidung-beratung-online.de\/index.php?rest_route=%2Fwp%2Fv2%2Fmedia&parent=2080"}],"curies":[{"name":"wp","href":"https:\/\/api.w.org\/{rel}","templated":true}]}}