{"id":3234,"date":"2025-02-01T12:11:13","date_gmt":"2025-02-01T11:11:13","guid":{"rendered":"https:\/\/scheidung-beratung-online.de\/?page_id=3234"},"modified":"2025-02-01T12:30:23","modified_gmt":"2025-02-01T11:30:23","slug":"online-scheidung-schnell-einfach-und-kostenguenstig-mit-unserem-anwaltsbuero","status":"publish","type":"page","link":"https:\/\/scheidung-beratung-online.de\/?page_id=3234","title":{"rendered":"Online-Scheidung: Schnell, einfach und kosteng\u00fcnstig mit unserem Anwaltsb\u00fcro"},"content":{"rendered":"\n<p><\/p>\n\n\n<h2>\u00a0<\/h2>\n<p><span style=\"font-size: 20px;\">Die Digitalisierung findet \u00fcberall statt.\u00a0 Deswegen bietet unsere <b>Online-Anwaltskanzlei<\/b> Ihnen an, Ihre <b>Scheidung online<\/b> abzuwickeln \u2013 <b>unkompliziert, zeitsparend und ohne unn\u00f6tige Kosten<\/b>.<\/span><\/p>\n<h1><span style=\"font-size: 20px;\"><b>Warum eine Online-Scheidung?<\/b><\/span><\/h1>\n<p><span style=\"font-size: 20px;\">Eine <b>Online-Scheidung<\/b> ist die moderne Alternative zum klassischen Scheidungsverfahren. Sie erspart Ihnen umst\u00e4ndliche Kanzleitermine und \u00fcberfl\u00fcssige Wartezeiten. Stattdessen erledigen Sie alles bequem<a href=\"https:\/\/scheidung-beratung-online.de\/wp-content\/uploads\/2017\/09\/Fotolia_77992424_XS.jpg\"><img decoding=\"async\" loading=\"lazy\" class=\"size-full wp-image-2366 alignright\" src=\"https:\/\/scheidung-beratung-online.de\/wp-content\/uploads\/2017\/09\/Fotolia_77992424_XS.jpg\" alt=\"\" width=\"424\" height=\"283\" srcset=\"https:\/\/scheidung-beratung-online.de\/wp-content\/uploads\/2017\/09\/Fotolia_77992424_XS.jpg 424w, https:\/\/scheidung-beratung-online.de\/wp-content\/uploads\/2017\/09\/Fotolia_77992424_XS-300x200.jpg 300w\" sizes=\"(max-width: 424px) 100vw, 424px\" \/><\/a> von zu Hause aus oder von jedem beliebigen Ort, der Ihnen gef\u00e4llt. Und das alles schnell, sicher und professionell.<\/span><\/p>\n<p><span style=\"font-size: 20px;\">Gerade unsere zahlreichen Mandanten im Ausland wissen unseren Service sehr zu sch\u00e4tzen.<\/span><\/p>\n<p><span style=\"font-size: 20px;\"><b>Die Vorteile auf einen Blick:<\/b><\/span><\/p>\n<p><span style=\"font-size: 20px;\">\u2705 <b>Weltweite Betreuung:<\/b> Egal, wo Sie auf der Welt wohnen \u2013 wir vertreten Ihre Scheidungssache vor jedem Gericht in Deutschland.<\/span><\/p>\n<p><span style=\"font-size: 20px;\">\u2705 <b>Zeit sparen:<\/b> Kein langwieriger Papierkram oder pers\u00f6nliche Termine \u2013 Sie reichen alle Unterlagen online ein. Wir brauchen von Ihnen keine Original-Dokumente.<\/span> <br \/><span style=\"font-size: 20px;\">\u2705 <b>Kosteneffizient:<\/b> Geringere Anwaltskosten im Vergleich zu traditionellen Verfahren, weil Portokosten g\u00e4nzlich entfallen. Auch wir senden Ihnen alle Unterlagen ausschlie\u00dflich online.<\/span><br \/><span style=\"font-size: 20px;\">\u2705 <b>Maximale Flexibilit\u00e4t:<\/b> Stellen Sie Ihre Fragen online und senden Sie Unterlagen, wann immer Sie es wollen.<\/span><br \/><span style=\"font-size: 20px;\">\u2705 <b>Komfortabel von zu Hause aus:<\/b> Kein Stress mit Anfahrten, Wartezeiten oder Parkplatzsuch<\/span><\/p>\n<h1><span style=\"font-size: 20px;\"><b>So funktioniert die Online-Scheidung<\/b><\/span><\/h1>\n<p><span style=\"font-size: 20px;\">1\ufe0f\u20e3 <b>Unverbindliche Anfrage:<\/b> \u00dcber unser <a href=\"https:\/\/scheidung-beratung-online.de\/?page_id=2148\"><b>Online-Formular<\/b><\/a>, Telefonisch oder per E-Mail \u00fcbermitteln Sie uns alle relevanten Informationen zu Ihrer Ehe und Trennung.<\/span><br \/><span style=\"font-size: 20px;\">2\ufe0f\u20e3 <b>Individuelle Beratung:<\/b> <a href=\"https:\/\/scheidung-beratung-online.de\/?page_id=2154\">Rechtsanwalt Twitting<\/a> mit mehr als 25 Jahren Erfahrung, pr\u00fcft Ihre Angaben und ber\u00e4t Sie zum optimalen Ablauf Ihrer Scheidung. <\/span><br \/><span style=\"font-size: 20px;\">3\ufe0f\u20e3 <b>Antragstellung beim Familiengericht:<\/b> Wir k\u00fcmmern uns um alle Formalit\u00e4ten und reichen Ihren <b>Scheidungsantrag online<\/b> ein.<\/span><br \/><span style=\"font-size: 20px;\">4\ufe0f\u20e3 <b>Gerichtlicher Termin:<\/b> In den meisten F\u00e4llen reicht ein <a href=\"https:\/\/scheidung-beratung-online.de\/?page_id=1820\">kurzer Anh\u00f6rungstermin \u2013 als Videokonferenz<\/a>, vor allem wenn Sie im Ausland wohnen.\u00a0<\/span><br \/><span style=\"font-size: 20px;\">5\ufe0f\u20e3 <b>Scheidungsbeschluss:<\/b> Nach der Entscheidung des Gerichts erhalten Sie Ihren <b>Scheidungsbeschluss digital und postalisch<\/b>.<\/span><\/p>\n<h1><span style=\"font-size: 20px;\"><b>Ideal f\u00fcr einvernehmliche Scheidungen<\/b><\/span><\/h1>\n<p><span style=\"font-size: 20px;\">Unsere <b>Online-Scheidung<\/b> eignet sich besonders f\u00fcr <b>einvernehmliche Scheidungen<\/b>, bei denen sich beide Ehepartner \u00fcber die wesentlichen Punkte einig sind. Das Verfahren ist in diesen F\u00e4llen besonders <b>schnell, effizient und kosteng\u00fcnstig<\/b>.<\/span><\/p>\n<h1><span style=\"font-size: 20px;\"><b>Jetzt Ihre Online-Scheidung starten!<\/b><\/span><\/h1>\n<p><span style=\"font-size: 20px;\">Wenn Sie sich unkompliziert, diskret und professionell scheiden lassen m\u00f6chten, dann ist unsere <b>Online-Anwaltskanzlei<\/b> die beste Wahl. Nutzen Sie die Vorteile der digitalen Rechtsberatung und setzen Sie auf eine <b>schnelle, stressfreie und transparente L\u00f6sung<\/b>.<\/span><\/p>\n<p><span style=\"font-size: 20px;\">\u27a1 <b>Jetzt Online-Scheidung einleiten!<\/b> \u2013 Kontaktieren Sie uns unverbindlich und lassen Sie sich beraten.<\/span><\/p>\n<p dir=\"ltr\"><span style=\"font-size: 20px;\">Wir freuen uns darauf, Ihnen zu helfen. F\u00fcllen Sie das\u00a0<a title=\"Scheidungsformular\" href=\"http:\/\/scheidung-beratung-online.de\/?page_id=2148\" target=\"_blank\" rel=\"noopener\">Scheidungsformular<\/a>\u00a0aus oder nehmen Sie \u00fcber Telefon oder E-Mail Kontakt zu uns auf:<\/span><\/p>\n<p dir=\"ltr\"><span style=\"font-size: 20px;\"><strong>Telefon: 02331-409319<\/strong><\/span><\/p>\n<p dir=\"ltr\"><span style=\"font-size: 20px;\">E-Mail:<strong>\u00a0info@twitting.eu<\/strong><\/span><\/p>","protected":false},"excerpt":{"rendered":"<p>\u00a0 Die Digitalisierung findet \u00fcberall statt.\u00a0 Deswegen bietet unsere Online-Anwaltskanzlei Ihnen an, Ihre Scheidung online abzuwickeln \u2013 unkompliziert, zeitsparend und ohne unn\u00f6tige Kosten. Warum eine Online-Scheidung? Eine Online-Scheidung ist die moderne Alternative zum klassischen Scheidungsverfahren. Sie erspart Ihnen umst\u00e4ndliche Kanzleitermine &hellip; <a href=\"https:\/\/scheidung-beratung-online.de\/?page_id=3234\">Weiterlesen <span class=\"meta-nav\">&rarr;<\/span><\/a><\/p>\n","protected":false},"author":1,"featured_media":0,"parent":0,"menu_order":0,"comment_status":"closed","ping_status":"closed","template":"","meta":[],"aioseo_notices":[],"acf":[],"_links":{"self":[{"href":"https:\/\/scheidung-beratung-online.de\/index.php?rest_route=\/wp\/v2\/pages\/3234"}],"collection":[{"href":"https:\/\/scheidung-beratung-online.de\/index.php?rest_route=\/wp\/v2\/pages"}],"about":[{"href":"https:\/\/scheidung-beratung-online.de\/index.php?rest_route=\/wp\/v2\/types\/page"}],"author":[{"embeddable":true,"href":"https:\/\/scheidung-beratung-online.de\/index.php?rest_route=\/wp\/v2\/users\/1"}],"replies":[{"embeddable":true,"href":"https:\/\/scheidung-beratung-online.de\/index.php?rest_route=%2Fwp%2Fv2%2Fcomments&post=3234"}],"version-history":[{"count":17,"href":"https:\/\/scheidung-beratung-online.de\/index.php?rest_route=\/wp\/v2\/pages\/3234\/revisions"}],"predecessor-version":[{"id":3256,"href":"https:\/\/scheidung-beratung-online.de\/index.php?rest_route=\/wp\/v2\/pages\/3234\/revisions\/3256"}],"wp:attachment":[{"href":"https:\/\/scheidung-beratung-online.de\/index.php?rest_route=%2Fwp%2Fv2%2Fmedia&parent=3234"}],"curies":[{"name":"wp","href":"https:\/\/api.w.org\/{rel}","templated":true}]}}