{"id":4228,"date":"2026-03-29T18:12:58","date_gmt":"2026-03-29T17:12:58","guid":{"rendered":"https:\/\/scheidung-beratung-online.de\/?page_id=4228"},"modified":"2026-03-29T18:12:58","modified_gmt":"2026-03-29T17:12:58","slug":"scheidungsfolgen-nach-thailaendischem-recht-anwalt-beraet-sie-professionell","status":"publish","type":"page","link":"https:\/\/scheidung-beratung-online.de\/?page_id=4228","title":{"rendered":"Scheidungsfolgen nach thail\u00e4ndischem Recht &#8211; Anwalt ber\u00e4t Sie professionell!"},"content":{"rendered":"\n<p data-start=\"407\" data-end=\"475\"><span style=\"font-size: 16px;\"><em data-start=\"407\" data-end=\"475\">Unterhalt, Verm\u00f6gen und Renten \u2013 aber welches Recht gilt wirklich?<\/em><\/span><\/p>\n<p data-start=\"477\" data-end=\"627\"><span style=\"font-size: 16px;\">Wenn Sie sich nach <a href=\"https:\/\/scheidung-beratung-online.de\/?p=2712\" target=\"_blank\" rel=\"noopener\">thail\u00e4ndischem<\/a> Recht scheiden lassen, bedeutet das <strong data-start=\"547\" data-end=\"568\">nicht automatisch<\/strong>, dass auch alle Scheidungsfolgen diesem Recht unterliegen.<\/span><\/p>\n<p data-start=\"629\" data-end=\"697\"><span style=\"font-size: 16px;\">Gerade bei deutsch-thail\u00e4ndischen Ehen ist die Rechtslage komplexer.<\/span><\/p>\n<p data-start=\"699\" data-end=\"803\"><span style=\"font-size: 16px;\">Viele Mandanten gehen davon aus:<\/span><br data-start=\"731\" data-end=\"734\" \/><span style=\"font-size: 16px;\">\ud83d\udc49 <em data-start=\"737\" data-end=\"801\">\u201eWenn thail\u00e4ndisches Scheidungsrecht gilt, gilt es f\u00fcr alles.\u201c<\/em><\/span><\/p>\n<p data-start=\"805\" data-end=\"837\"><span style=\"font-size: 16px;\">Das ist <strong data-start=\"813\" data-end=\"836\">nicht immer richtig<\/strong>.<\/span><\/p>\n<hr data-start=\"839\" data-end=\"842\" \/>\n<h2 data-section-id=\"7wish3\" data-start=\"844\" data-end=\"917\"><span style=\"font-size: 16px;\">\u26a0\ufe0f Wichtig: Unterschiedliche Rechtsordnungen f\u00fcr verschiedene Bereiche<\/span><\/h2>\n<p data-start=\"919\" data-end=\"1085\"><span style=\"font-size: 16px;\">W\u00e4hrend sich das Scheidungsrecht selbst h\u00e4ufig nach thail\u00e4ndischem Recht richtet, k\u00f6nnen f\u00fcr andere Bereiche <strong data-start=\"1028\" data-end=\"1070\">andere Rechtsordnungen ma\u00dfgeblich sein<\/strong>, insbesondere:<a href=\"https:\/\/scheidung-beratung-online.de\/wp-content\/uploads\/2026\/03\/ChatGPT-Image-29.-Maerz-2026-18_57_45.png\"><img decoding=\"async\" loading=\"lazy\" class=\"alignright wp-image-4234\" src=\"https:\/\/scheidung-beratung-online.de\/wp-content\/uploads\/2026\/03\/ChatGPT-Image-29.-Maerz-2026-18_57_45-300x200.png\" alt=\"\" width=\"400\" height=\"267\" srcset=\"https:\/\/scheidung-beratung-online.de\/wp-content\/uploads\/2026\/03\/ChatGPT-Image-29.-Maerz-2026-18_57_45-300x200.png 300w, https:\/\/scheidung-beratung-online.de\/wp-content\/uploads\/2026\/03\/ChatGPT-Image-29.-Maerz-2026-18_57_45-1024x683.png 1024w, https:\/\/scheidung-beratung-online.de\/wp-content\/uploads\/2026\/03\/ChatGPT-Image-29.-Maerz-2026-18_57_45-768x512.png 768w, https:\/\/scheidung-beratung-online.de\/wp-content\/uploads\/2026\/03\/ChatGPT-Image-29.-Maerz-2026-18_57_45-450x300.png 450w, https:\/\/scheidung-beratung-online.de\/wp-content\/uploads\/2026\/03\/ChatGPT-Image-29.-Maerz-2026-18_57_45.png 1536w\" sizes=\"(max-width: 400px) 100vw, 400px\" \/><\/a><\/span><\/p>\n<ul data-start=\"1087\" data-end=\"1242\">\n<li data-section-id=\"13uqd3e\" data-start=\"1087\" data-end=\"1155\"><span style=\"font-size: 16px;\">Unterhalt \u2192 nach dem <span class=\"hover:entity-accent entity-underline inline cursor-pointer align-baseline\"><span class=\"whitespace-normal\">Haager Unterhaltsprotokoll<\/span><\/span> (HUP)<\/span><\/li>\n<li data-section-id=\"1gum6hy\" data-start=\"1156\" data-end=\"1242\"><span style=\"font-size: 16px;\">G\u00fcterrecht \u2192 nach internationalem Privatrecht (h\u00e4ufig erstes gemeinsames Eheleben)<\/span><\/li>\n<\/ul>\n<p data-start=\"1244\" data-end=\"1353\"><span style=\"font-size: 16px;\">Das f\u00fchrt dazu, dass in einem Verfahren gleichzeitig <strong data-start=\"1297\" data-end=\"1324\">mehrere Rechtsordnungen<\/strong> zur Anwendung kommen k\u00f6nnen.<\/span><\/p>\n<hr data-start=\"1355\" data-end=\"1358\" \/>\n<h2 data-section-id=\"iyvmjl\" data-start=\"1360\" data-end=\"1412\"><span style=\"font-size: 16px;\">Getrenntlebensunterhalt \u2013 Beispiel aus der Praxis<\/span><\/h2>\n<p data-start=\"1414\" data-end=\"1483\"><span style=\"font-size: 16px;\">Ein gutes Beispiel liefert eine Entscheidung des Amtsgerichts Pankow zu Aktenzeichen 201 F 8958\/24, Beschluss vom 7.10.2025:<\/span><\/p>\n<p data-start=\"1485\" data-end=\"1522\">\u00a0<\/p>\n<p data-start=\"1524\" data-end=\"1548\"><span style=\"font-size: 16px;\">Das Gericht stellt klar:<\/span><\/p>\n<ul data-start=\"1550\" data-end=\"1680\">\n<li data-section-id=\"1y145cz\" data-start=\"1550\" data-end=\"1604\"><span style=\"font-size: 16px;\">Ma\u00dfgeblich ist <strong data-start=\"1567\" data-end=\"1604\">nicht automatisch deutsches Recht<\/strong><\/span><\/li>\n<li data-section-id=\"q0pxf6\" data-start=\"1605\" data-end=\"1680\"><span style=\"font-size: 16px;\">sondern das Recht des gew\u00f6hnlichen Aufenthalts des Unterhaltsberechtigten<\/span><\/li>\n<\/ul>\n<p data-start=\"1682\" data-end=\"1700\"><span style=\"font-size: 16px;\">Im konkreten Fall:<\/span><\/p>\n<ul data-start=\"1702\" data-end=\"1788\">\n<li data-section-id=\"aglp63\" data-start=\"1702\" data-end=\"1730\"><span style=\"font-size: 16px;\">Ehefrau lebt in Thailand<\/span><\/li>\n<li data-section-id=\"2n2tqt\" data-start=\"1731\" data-end=\"1788\"><span style=\"font-size: 16px;\">\u2192 Anwendung <strong data-start=\"1745\" data-end=\"1770\">thail\u00e4ndischen Rechts<\/strong> nach Art. 3 HUP<\/span><\/li>\n<\/ul>\n<p data-start=\"1790\" data-end=\"1812\"><span style=\"font-size: 16px;\">Das Gericht f\u00fchrt aus:<\/span><\/p>\n<blockquote data-start=\"1814\" data-end=\"1946\">\n<p data-start=\"1816\" data-end=\"1946\"><span style=\"font-size: 16px;\">\u201eDie rechtliche Beurteilung [&#8230;] erfolgt nach thail\u00e4ndischem Recht gem. Art. 3 Abs. 1 HUP.\u201c<\/span><\/p>\n<\/blockquote>\n<p data-start=\"1948\" data-end=\"1959\"><span style=\"font-size: 16px;\">Und weiter:<\/span><\/p>\n<blockquote data-start=\"1961\" data-end=\"2112\">\n<p data-start=\"1963\" data-end=\"2112\"><span style=\"font-size: 16px;\">Eine engere Verbindung zum deutschen Recht wurde verneint, da der gemeinsame Lebensmittelpunkt in Thailand lag.<\/span><\/p>\n<\/blockquote>\n<p data-start=\"2114\" data-end=\"2239\"><span style=\"font-size: 16px;\">\ud83d\udc49 Ergebnis:<\/span><br data-start=\"2126\" data-end=\"2129\" \/><span style=\"font-size: 16px;\">Obwohl der Ehemann Deutscher ist und in Deutschland lebt, wurde <strong data-start=\"2193\" data-end=\"2238\">thail\u00e4ndisches Unterhaltsrecht angewendet<\/strong>.<\/span><\/p>\n<hr data-start=\"2241\" data-end=\"2244\" \/>\n<h2 data-section-id=\"co5scp\" data-start=\"2246\" data-end=\"2298\"><span style=\"font-size: 16px;\">Getrenntlebensunterhalt nach thail\u00e4ndischem Recht<\/span><\/h2>\n<p data-start=\"2300\" data-end=\"2450\"><span style=\"font-size: 16px;\">Das thail\u00e4ndische Recht kennt \u2013 anders als h\u00e4ufig angenommen \u2013 <strong data-start=\"2363\" data-end=\"2405\">doch eine Form des Trennungsunterhalts<\/strong>, allerdings deutlich schw\u00e4cher ausgestaltet.<\/span><\/p>\n<p data-start=\"2452\" data-end=\"2514\"><span style=\"font-size: 16px;\">Nach \u00a7 1530 des thail\u00e4ndischen Zivil- und Handelsgesetzbuches:<\/span><\/p>\n<blockquote data-start=\"2516\" data-end=\"2645\">\n<p data-start=\"2518\" data-end=\"2645\"><span style=\"font-size: 16px;\">\u201eDas Gericht kann auf Antrag eine angemessene Regelung \u00fcber den Unterhalt der Ehegatten treffen, wie es dies f\u00fcr richtig h\u00e4lt.\u201c<\/span><\/p>\n<\/blockquote>\n<p data-start=\"2647\" data-end=\"2692\"><span style=\"font-size: 16px;\">Wesentliche Unterschiede zum deutschen Recht:<\/span><\/p>\n<ul data-start=\"2694\" data-end=\"2825\">\n<li data-section-id=\"1qi8768\" data-start=\"2694\" data-end=\"2725\"><span style=\"font-size: 16px;\">kein automatischer Anspruch<\/span><\/li>\n<li data-section-id=\"1jxub1e\" data-start=\"2726\" data-end=\"2780\"><span style=\"font-size: 16px;\">Entscheidung im <strong data-start=\"2744\" data-end=\"2778\">billigen Ermessen des Gerichts<\/strong><\/span><\/li>\n<li data-section-id=\"1qx0yd3\" data-start=\"2781\" data-end=\"2825\"><span style=\"font-size: 16px;\">starke Betonung der <strong data-start=\"2803\" data-end=\"2825\">Eigenverantwortung<\/strong><\/span><\/li>\n<\/ul>\n<p data-start=\"2827\" data-end=\"2963\"><span style=\"font-size: 16px;\">Das zeigt auch die oben zitierte Entscheidung:<\/span><br data-start=\"2873\" data-end=\"2876\" \/><span style=\"font-size: 16px;\">Das Gericht sprach lediglich <strong data-start=\"2905\" data-end=\"2924\">250 \u20ac monatlich<\/strong> zu \u2013 trotz deutlich h\u00f6herer Forderung.<\/span><\/p>\n<hr data-start=\"2965\" data-end=\"2968\" \/>\n<h2 data-section-id=\"1tysx2x\" data-start=\"2970\" data-end=\"2996\"><span style=\"font-size: 16px;\">Nachehelicher Unterhalt<\/span><\/h2>\n<p data-start=\"2998\" data-end=\"3013\"><span style=\"font-size: 16px;\">Auch hier gilt:<\/span><\/p>\n<p data-start=\"3015\" data-end=\"3127\"><span style=\"font-size: 16px;\">\ud83d\udc49 <strong data-start=\"3018\" data-end=\"3127\">Welches Recht Anwendung findet, bestimmt sich nach dem HUP \u2013 nicht automatisch nach thail\u00e4ndischem Recht.<\/strong><\/span><\/p>\n<p data-start=\"3129\" data-end=\"3174\"><span style=\"font-size: 16px;\">Wenn aber thail\u00e4ndisches Recht anwendbar ist:<\/span><\/p>\n<p data-start=\"3176\" data-end=\"3188\"><span style=\"font-size: 16px;\">Nach \u00a7 1523:<\/span><\/p>\n<blockquote data-start=\"3190\" data-end=\"3332\">\n<p data-start=\"3192\" data-end=\"3332\"><span style=\"font-size: 16px;\">\u201eIst die Scheidung auf das Verschulden eines Ehegatten zur\u00fcckzuf\u00fchren, so kann der andere Ehegatte Unterhalt oder Schadensersatz verlangen.\u201c<\/span><\/p>\n<\/blockquote>\n<p data-start=\"3334\" data-end=\"3347\"><span style=\"font-size: 16px;\">Das bedeutet:<\/span><\/p>\n<ul data-start=\"3349\" data-end=\"3481\">\n<li data-section-id=\"hxj6qz\" data-start=\"3349\" data-end=\"3384\"><span style=\"font-size: 16px;\">kein Unterhalt ohne Verschulden<\/span><\/li>\n<li data-section-id=\"1142sym\" data-start=\"3385\" data-end=\"3434\"><span style=\"font-size: 16px;\">kein Unterhalt bei einvernehmlicher Scheidung<\/span><\/li>\n<li data-section-id=\"gi1b7k\" data-start=\"3435\" data-end=\"3481\"><span style=\"font-size: 16px;\">deutlicher Unterschied zum deutschen Recht<\/span><\/li>\n<\/ul>\n<hr data-start=\"3483\" data-end=\"3486\" \/>\n<h2 data-section-id=\"dpi29c\" data-start=\"3488\" data-end=\"3527\"><span style=\"font-size: 16px;\">G\u00fcterrecht \u2013 h\u00e4ufig deutsches Recht!<\/span><\/h2>\n<p data-start=\"3529\" data-end=\"3582\"><span style=\"font-size: 16px;\">Beim G\u00fcterrecht gilt eine <strong data-start=\"3555\" data-end=\"3581\">andere Kollisionsregel<\/strong>.<\/span><\/p>\n<p data-start=\"3584\" data-end=\"3606\"><span style=\"font-size: 16px;\">Hier ist entscheidend:<\/span><\/p>\n<p data-start=\"3608\" data-end=\"3711\"><span style=\"font-size: 16px;\">\ud83d\udc49 Wo hatten die Ehegatten <strong data-start=\"3635\" data-end=\"3710\">ihren ersten gemeinsamen gew\u00f6hnlichen Aufenthalt nach der Eheschlie\u00dfung<\/strong>?<\/span><\/p>\n<p data-start=\"3713\" data-end=\"3752\"><span style=\"font-size: 16px;\">Das f\u00fchrt h\u00e4ufig zu folgendem Ergebnis:<\/span><\/p>\n<ul data-start=\"3754\" data-end=\"3912\">\n<li data-section-id=\"dt35j5\" data-start=\"3754\" data-end=\"3847\"><span style=\"font-size: 16px;\">Leben die Eheleute zun\u00e4chst in Deutschland \u2192 <strong data-start=\"3801\" data-end=\"3845\">deutsches G\u00fcterrecht (Zugewinnausgleich)<\/strong><\/span><\/li>\n<li data-section-id=\"1fuytmh\" data-start=\"3848\" data-end=\"3912\"><span style=\"font-size: 16px;\">Leben sie zun\u00e4chst in Thailand \u2192 <strong data-start=\"3883\" data-end=\"3912\">thail\u00e4ndisches G\u00fcterrecht<\/strong><\/span><\/li>\n<\/ul>\n<p data-start=\"3914\" data-end=\"3965\"><span style=\"font-size: 16px;\">Das ist ein h\u00e4ufiger Beratungsfehler in der Praxis.<\/span><\/p>\n<hr data-start=\"3967\" data-end=\"3970\" \/>\n<h3 data-section-id=\"vel6lf\" data-start=\"3972\" data-end=\"4011\"><span style=\"font-size: 16px;\">Wenn thail\u00e4ndisches G\u00fcterrecht gilt<\/span><\/h3>\n<p data-start=\"4013\" data-end=\"4023\"><span style=\"font-size: 16px;\">Dann gilt:<\/span><\/p>\n<p data-start=\"4025\" data-end=\"4032\"><span style=\"font-size: 16px;\">\u00a7 1474:<\/span><\/p>\n<blockquote data-start=\"4034\" data-end=\"4109\">\n<p data-start=\"4036\" data-end=\"4109\"><span style=\"font-size: 16px;\">\u201eGemeinschaftliches Verm\u00f6gen ist das w\u00e4hrend der Ehe erworbene Verm\u00f6gen.\u201c<\/span><\/p>\n<\/blockquote>\n<p data-start=\"4111\" data-end=\"4118\"><span style=\"font-size: 16px;\">\u00a7 1533:<\/span><\/p>\n<blockquote data-start=\"4120\" data-end=\"4190\">\n<p data-start=\"4122\" data-end=\"4190\"><span style=\"font-size: 16px;\">\u201eDas gemeinschaftliche Verm\u00f6gen ist zu gleichen Teilen aufzuteilen.\u201c<\/span><\/p>\n<\/blockquote>\n<p data-start=\"4192\" data-end=\"4197\"><span style=\"font-size: 16px;\">Also:<\/span><\/p>\n<ul data-start=\"4199\" data-end=\"4263\">\n<li data-section-id=\"lxbjrn\" data-start=\"4199\" data-end=\"4224\"><span style=\"font-size: 16px;\">klare <strong data-start=\"4207\" data-end=\"4224\">50\/50-Teilung<\/strong><\/span><\/li>\n<li data-section-id=\"1hnsz1e\" data-start=\"4225\" data-end=\"4263\"><span style=\"font-size: 16px;\">kein komplizierter Zugewinnausgleich<\/span><\/li>\n<\/ul>\n<hr data-start=\"4265\" data-end=\"4268\" \/>\n<h2 data-section-id=\"hmprl5\" data-start=\"4270\" data-end=\"4293\"><span style=\"font-size: 16px;\">Versorgungsausgleich<\/span><\/h2>\n<p data-start=\"4295\" data-end=\"4316\"><span style=\"font-size: 16px;\">Hier bleibt es dabei:<\/span><\/p>\n<p data-start=\"4318\" data-end=\"4383\"><span style=\"font-size: 16px;\">\ud83d\udc49 Das thail\u00e4ndische Recht kennt <strong data-start=\"4351\" data-end=\"4382\">keinen Versorgungsausgleich<\/strong>.<\/span><\/p>\n<p data-start=\"4385\" data-end=\"4423\"><span style=\"font-size: 16px;\">Aber auch hier gilt die Einschr\u00e4nkung:<\/span><\/p>\n<ul data-start=\"4425\" data-end=\"4554\">\n<li data-section-id=\"14cj1zy\" data-start=\"4425\" data-end=\"4494\"><span style=\"font-size: 16px;\">Wird deutsches Recht angewendet \u2192 Versorgungsausgleich <strong data-start=\"4482\" data-end=\"4494\">zwingend<\/strong><\/span><\/li>\n<li data-section-id=\"1p9peml\" data-start=\"4495\" data-end=\"4554\"><span style=\"font-size: 16px;\">Wird thail\u00e4ndisches Recht angewendet \u2192 <strong data-start=\"4536\" data-end=\"4554\">kein Ausgleich<\/strong><\/span><\/li>\n<\/ul>\n<p data-start=\"4556\" data-end=\"4612\"><span style=\"font-size: 16px;\">Gerade dieser Punkt ist oft wirtschaftlich entscheidend.<\/span><\/p>\n<hr data-start=\"4614\" data-end=\"4617\" \/>\n<h2 data-section-id=\"itqody\" data-start=\"4619\" data-end=\"4637\"><span style=\"font-size: 16px;\">Hausratsteilung<\/span><\/h2>\n<p data-start=\"4639\" data-end=\"4654\"><span style=\"font-size: 16px;\">Auch hier gilt:<\/span><\/p>\n<ul data-start=\"4656\" data-end=\"4732\">\n<li data-section-id=\"1c5j5ue\" data-start=\"4656\" data-end=\"4705\"><span style=\"font-size: 16px;\">kein eigenst\u00e4ndiges System wie in Deutschland<\/span><\/li>\n<li data-section-id=\"17rtkgo\" data-start=\"4706\" data-end=\"4732\"><span style=\"font-size: 16px;\">Zuordnung zum Verm\u00f6gen<\/span><\/li>\n<\/ul>\n<p data-start=\"4734\" data-end=\"4747\"><span style=\"font-size: 16px;\">Das bedeutet:<\/span><\/p>\n<ul data-start=\"4749\" data-end=\"4859\">\n<li data-section-id=\"1q712il\" data-start=\"4749\" data-end=\"4800\"><span style=\"font-size: 16px;\">Hausrat = Teil des gemeinschaftlichen Verm\u00f6gens<\/span><\/li>\n<li data-section-id=\"a2ut02\" data-start=\"4801\" data-end=\"4859\"><span style=\"font-size: 16px;\">\u2192 Aufteilung im Rahmen der Verm\u00f6gensauseinandersetzung<\/span><\/li>\n<\/ul>\n<hr data-start=\"4861\" data-end=\"4864\" \/>\n<h2 data-section-id=\"13zr74q\" data-start=\"4866\" data-end=\"4913\"><span style=\"font-size: 16px;\">Fazit: Ohne Pr\u00fcfung keine richtige Strategie<\/span><\/h2>\n<p data-start=\"4915\" data-end=\"4941\"><span style=\"font-size: 16px;\">Die wichtigste Erkenntnis:<\/span><\/p>\n<p data-start=\"4943\" data-end=\"5037\"><span style=\"font-size: 16px;\">\ud83d\udc49 <strong data-start=\"4946\" data-end=\"5037\">Sie k\u00f6nnen nicht einfach \u201ethail\u00e4ndisches Recht w\u00e4hlen\u201c und damit alle Folgen bestimmen.<\/strong><\/span><\/p>\n<p data-start=\"5039\" data-end=\"5062\"><span style=\"font-size: 16px;\">Vielmehr ist zu pr\u00fcfen:<\/span><\/p>\n<ul data-start=\"5064\" data-end=\"5236\">\n<li data-section-id=\"1hre6qu\" data-start=\"5064\" data-end=\"5105\"><span style=\"font-size: 16px;\">Welches Recht gilt f\u00fcr die Scheidung?<\/span><\/li>\n<li data-section-id=\"139o88\" data-start=\"5106\" data-end=\"5153\"><span style=\"font-size: 16px;\">Welches Recht gilt f\u00fcr den Unterhalt (HUP)?<\/span><\/li>\n<li data-section-id=\"x8vj6s\" data-start=\"5154\" data-end=\"5196\"><span style=\"font-size: 16px;\">Welches Recht gilt f\u00fcr das G\u00fcterrecht?<\/span><\/li>\n<li data-section-id=\"1j2i2m4\" data-start=\"5197\" data-end=\"5236\"><span style=\"font-size: 16px;\">Gibt es einen Versorgungsausgleich?<\/span><\/li>\n<\/ul>\n<p data-start=\"5238\" data-end=\"5323\"><span style=\"font-size: 16px;\">Nur mit dieser Analyse l\u00e4sst sich eine wirtschaftlich sinnvolle Strategie entwickeln.<\/span><\/p>\n<hr data-start=\"5325\" data-end=\"5328\" \/>\n<h2 data-section-id=\"1e0qzt2\" data-start=\"5330\" data-end=\"5356\"><span style=\"font-size: 16px;\">Lassen Sie sich beraten<\/span><\/h2>\n<p data-start=\"5358\" data-end=\"5461\"><span style=\"font-size: 16px;\">Gerade bei deutsch-thail\u00e4ndischen Ehen kommt es entscheidend auf die richtige rechtliche Einordnung an.<\/span><\/p>\n<p data-start=\"5463\" data-end=\"5481\"><span style=\"font-size: 16px;\">Die Anwaltskanzlei Twitting pr\u00fcft f\u00fcr Sie:<\/span><\/p>\n<ul data-start=\"5483\" data-end=\"5627\">\n<li data-section-id=\"n037v3\" data-start=\"5483\" data-end=\"5529\"><span style=\"font-size: 16px;\">welches Recht tats\u00e4chlich Anwendung findet<\/span><\/li>\n<li data-section-id=\"x2no6f\" data-start=\"5530\" data-end=\"5574\"><span style=\"font-size: 16px;\">welche Gestaltungsm\u00f6glichkeiten bestehen<\/span><\/li>\n<li data-section-id=\"1ghxpvp\" data-start=\"5575\" data-end=\"5627\"><span style=\"font-size: 16px;\">wie Sie wirtschaftlich optimal geschieden werden<\/span><\/li>\n<\/ul>\n<p dir=\"ltr\"><span style=\"font-size: 16px;\">Wir freuen uns darauf, Ihnen zu helfen. F\u00fcllen Sie einfach das\u00a0<a href=\"https:\/\/scheidung-beratung-online.de\/?page_id=2148\" target=\"_blank\" rel=\"noopener\">Scheidungsformular<\/a>\u00a0aus oder nehmen Sie direkt Kontakt zu uns auf:<\/span><\/p>\n<p dir=\"ltr\"><span style=\"font-size: 16px;\">Festnetz aus Deutschland:\u00a0<a href=\"tel:+492331409319\"><strong>02331 409319<\/strong><\/a><\/span><\/p>\n<p dir=\"ltr\"><span style=\"font-size: 16px;\">Festnetz aus dem Ausland:\u00a0<a href=\"tel:+492331409319\"><strong>+492331409319<\/strong><\/a><\/span><\/p>\n<p dir=\"ltr\"><span style=\"font-size: 16px;\">Handy:\u00a0<strong><a href=\"tel:+491721570178\">+491721570178<\/a><\/strong><\/span><\/p>\n<p dir=\"ltr\"><span style=\"font-size: 16px;\">E-Mail:<strong>\u00a0<a href=\"mailto:info@twitting.eu\">info@twitting.eu<\/a><\/strong><\/span><\/p>\n<p dir=\"ltr\"><span style=\"font-size: 16px;\"><strong><a href=\"https:\/\/wa.me\/491721570178\">WhatsApp<\/a><\/strong><\/span><\/p>\n","protected":false},"excerpt":{"rendered":"<p>Unterhalt, Verm\u00f6gen und Renten \u2013 aber welches Recht gilt wirklich? Wenn Sie sich nach thail\u00e4ndischem Recht scheiden lassen, bedeutet das nicht automatisch, dass auch alle Scheidungsfolgen diesem Recht unterliegen. Gerade bei deutsch-thail\u00e4ndischen Ehen ist die Rechtslage komplexer. Viele Mandanten gehen &hellip; <a href=\"https:\/\/scheidung-beratung-online.de\/?page_id=4228\">Weiterlesen <span class=\"meta-nav\">&rarr;<\/span><\/a><\/p>\n","protected":false},"author":1,"featured_media":0,"parent":0,"menu_order":0,"comment_status":"closed","ping_status":"closed","template":"","meta":[],"aioseo_notices":[],"acf":[],"_links":{"self":[{"href":"https:\/\/scheidung-beratung-online.de\/index.php?rest_route=\/wp\/v2\/pages\/4228"}],"collection":[{"href":"https:\/\/scheidung-beratung-online.de\/index.php?rest_route=\/wp\/v2\/pages"}],"about":[{"href":"https:\/\/scheidung-beratung-online.de\/index.php?rest_route=\/wp\/v2\/types\/page"}],"author":[{"embeddable":true,"href":"https:\/\/scheidung-beratung-online.de\/index.php?rest_route=\/wp\/v2\/users\/1"}],"replies":[{"embeddable":true,"href":"https:\/\/scheidung-beratung-online.de\/index.php?rest_route=%2Fwp%2Fv2%2Fcomments&post=4228"}],"version-history":[{"count":10,"href":"https:\/\/scheidung-beratung-online.de\/index.php?rest_route=\/wp\/v2\/pages\/4228\/revisions"}],"predecessor-version":[{"id":4239,"href":"https:\/\/scheidung-beratung-online.de\/index.php?rest_route=\/wp\/v2\/pages\/4228\/revisions\/4239"}],"wp:attachment":[{"href":"https:\/\/scheidung-beratung-online.de\/index.php?rest_route=%2Fwp%2Fv2%2Fmedia&parent=4228"}],"curies":[{"name":"wp","href":"https:\/\/api.w.org\/{rel}","templated":true}]}}