{"id":4278,"date":"2026-04-12T17:54:43","date_gmt":"2026-04-12T16:54:43","guid":{"rendered":"https:\/\/scheidung-beratung-online.de\/?page_id=4278"},"modified":"2026-04-12T17:55:14","modified_gmt":"2026-04-12T16:55:14","slug":"zwei-auslaendische-scheidungen-nicht-anerkannt-in-deutschland","status":"publish","type":"page","link":"https:\/\/scheidung-beratung-online.de\/?page_id=4278","title":{"rendered":"Zwei ausl\u00e4ndische Scheidungen nicht anerkannt in Deutschland"},"content":{"rendered":"\n<h2 data-section-id=\"11enh2f\" data-start=\"288\" data-end=\"354\"><span style=\"font-size: 16px;\">Kurz erkl\u00e4rt: Problem und L\u00f6sung bei doppelter Nichtanerkennung<\/span><\/h2>\n<p data-start=\"356\" data-end=\"436\"><span style=\"font-size: 16px;\">Ein besonders schwieriger Fall im internationalen Familienrecht liegt vor, wenn:<\/span><\/p>\n<blockquote data-start=\"438\" data-end=\"512\">\n<p data-start=\"440\" data-end=\"512\"><span style=\"font-size: 16px;\"><strong data-start=\"440\" data-end=\"512\">zwei ausl\u00e4ndische Scheidungen in Deutschland nicht anerkannt werden.<\/strong><\/span><\/p>\n<\/blockquote>\n<p data-start=\"514\" data-end=\"674\"><span style=\"font-size: 16px;\">Das bedeutet:<\/span><br data-start=\"527\" data-end=\"530\" \/><span style=\"font-size: 16px;\">Ein Mann hat im Ausland <strong data-start=\"554\" data-end=\"599\">zweimal geheiratet und zweimal geschieden<\/strong> \u2013 gilt aber in Deutschland <strong data-start=\"627\" data-end=\"673\">noch immer als <a href=\"https:\/\/scheidung-beratung-online.de\/?page_id=4118\" target=\"_blank\" rel=\"noopener\">mit zwei Frauen verheiratet<\/a><\/strong>.<\/span><\/p>\n<p data-start=\"676\" data-end=\"736\"><span style=\"font-size: 16px;\">Dieses Problem tritt h\u00e4ufig bei Scheidungen aus L\u00e4ndern wie:<\/span><\/p>\n<ul data-start=\"738\" data-end=\"783\">\n<li data-section-id=\"3vzes2\" data-start=\"738\" data-end=\"748\"><span style=\"font-size: 16px;\">Syrien<\/span><\/li>\n<li data-section-id=\"1otenep\" data-start=\"749\" data-end=\"760\"><span style=\"font-size: 16px;\">Libanon<\/span><\/li>\n<li data-section-id=\"1re2ro9\" data-start=\"761\" data-end=\"769\"><span style=\"font-size: 16px;\">Irak<\/span><\/li>\n<li data-section-id=\"bnob92\" data-start=\"770\" data-end=\"783\"><span style=\"font-size: 16px;\">Jordanien<\/span><\/li>\n<\/ul>\n<p data-start=\"785\" data-end=\"856\"><span style=\"font-size: 16px;\">auf, insbesondere bei religi\u00f6sen Scheidungen (z. B. Scharia-Verfahren).<\/span><\/p>\n<hr data-start=\"858\" data-end=\"861\" \/>\n<h2 data-section-id=\"1g2er87\" data-start=\"863\" data-end=\"894\"><span style=\"font-size: 16px;\">\u2757 Das Problem in Deutschland<\/span><\/h2>\n<p data-start=\"896\" data-end=\"973\"><span style=\"font-size: 16px;\">Auch wenn die Scheidungen im Ausland wirksam sind, gilt nach deutschem Recht:<\/span><\/p>\n<ul data-start=\"975\" data-end=\"1138\">\n<li data-section-id=\"1dt0gn5\" data-start=\"975\" data-end=\"1050\"><span style=\"font-size: 16px;\">Die <strong data-start=\"981\" data-end=\"1021\">erste Scheidung wird nicht anerkannt<\/strong> \u2192 erste Ehe besteht weiter<\/span><\/li>\n<li data-section-id=\"10t4wt5\" data-start=\"1051\" data-end=\"1138\"><span style=\"font-size: 16px;\">Die <strong data-start=\"1057\" data-end=\"1098\">zweite Scheidung wird nicht anerkannt<\/strong> \u2192 zweite Ehe besteht ebenfalls weiter<\/span><\/li>\n<\/ul>\n<p data-start=\"1140\" data-end=\"1152\"><span style=\"font-size: 16px;\">\ud83d\udc49 Ergebnis:<\/span><\/p>\n<blockquote data-start=\"1154\" data-end=\"1213\">\n<p data-start=\"1156\" data-end=\"1213\"><span style=\"font-size: 16px;\"><strong data-start=\"1156\" data-end=\"1213\">Nach deutschem Recht bestehen gleichzeitig zwei Ehen.<\/strong><\/span><\/p>\n<\/blockquote>\n<p data-start=\"1215\" data-end=\"1283\"><span style=\"font-size: 16px;\">Diese Situation ist rechtlich problematisch und muss gekl\u00e4rt werden.<\/span><\/p>\n<hr data-start=\"1285\" data-end=\"1288\" \/>\n<h2 data-section-id=\"8jr6ae\" data-start=\"1290\" data-end=\"1342\"><span style=\"font-size: 16px;\">\u26a0\ufe0f Typische Folgen der doppelten Nichtanerkennung<\/span><\/h2>\n<p data-start=\"1344\" data-end=\"1424\"><span style=\"font-size: 16px;\">Ein ungekl\u00e4rter Familienstand kann zu erheblichen Schwierigkeiten f\u00fchren, z. B.:<a href=\"https:\/\/scheidung-beratung-online.de\/wp-content\/uploads\/2026\/04\/Deutsch-Auslaendische-Scheidungen-in-Deutschland_nicht-anerkannt.png\"><img decoding=\"async\" loading=\"lazy\" class=\"alignright wp-image-4293\" src=\"https:\/\/scheidung-beratung-online.de\/wp-content\/uploads\/2026\/04\/Deutsch-Auslaendische-Scheidungen-in-Deutschland_nicht-anerkannt-300x200.png\" alt=\"\" width=\"400\" height=\"267\" srcset=\"https:\/\/scheidung-beratung-online.de\/wp-content\/uploads\/2026\/04\/Deutsch-Auslaendische-Scheidungen-in-Deutschland_nicht-anerkannt-300x200.png 300w, https:\/\/scheidung-beratung-online.de\/wp-content\/uploads\/2026\/04\/Deutsch-Auslaendische-Scheidungen-in-Deutschland_nicht-anerkannt-1024x683.png 1024w, https:\/\/scheidung-beratung-online.de\/wp-content\/uploads\/2026\/04\/Deutsch-Auslaendische-Scheidungen-in-Deutschland_nicht-anerkannt-768x512.png 768w, https:\/\/scheidung-beratung-online.de\/wp-content\/uploads\/2026\/04\/Deutsch-Auslaendische-Scheidungen-in-Deutschland_nicht-anerkannt-450x300.png 450w, https:\/\/scheidung-beratung-online.de\/wp-content\/uploads\/2026\/04\/Deutsch-Auslaendische-Scheidungen-in-Deutschland_nicht-anerkannt.png 1536w\" sizes=\"(max-width: 400px) 100vw, 400px\" \/><\/a><\/span><\/p>\n<ul data-start=\"1426\" data-end=\"1663\">\n<li data-section-id=\"1f0ypmb\" data-start=\"1426\" data-end=\"1468\"><span style=\"font-size: 16px;\">Probleme bei <strong data-start=\"1441\" data-end=\"1466\">Heirat in Deutschland<\/strong><\/span><\/li>\n<li data-section-id=\"bm60e7\" data-start=\"1469\" data-end=\"1514\"><span style=\"font-size: 16px;\">Probleme beim <strong data-start=\"1485\" data-end=\"1512\">Familiennachzug \/ Visum<\/strong><\/span><\/li>\n<li data-section-id=\"ikmkqi\" data-start=\"1515\" data-end=\"1569\"><span style=\"font-size: 16px;\">Schwierigkeiten mit <strong data-start=\"1537\" data-end=\"1567\">Beh\u00f6rden und Standes\u00e4mtern<\/strong><\/span><\/li>\n<li data-section-id=\"2odoob\" data-start=\"1570\" data-end=\"1619\"><span style=\"font-size: 16px;\">Unsicherheiten bei <strong data-start=\"1591\" data-end=\"1617\">Unterhalt und Erbrecht<\/strong><\/span><\/li>\n<li data-section-id=\"17uws3j\" data-start=\"1620\" data-end=\"1663\"><span style=\"font-size: 16px;\">Probleme bei <strong data-start=\"1635\" data-end=\"1661\">Kindern und Abstammung<\/strong><\/span><\/li>\n<\/ul>\n<p data-start=\"1665\" data-end=\"1722\"><span style=\"font-size: 16px;\">\ud83d\udc49 Ohne Kl\u00e4rung bleibt die Rechtslage dauerhaft unsicher.<\/span><\/p>\n<hr data-start=\"1724\" data-end=\"1727\" \/>\n<h2 data-section-id=\"1jnu5in\" data-start=\"1729\" data-end=\"1771\"><span style=\"font-size: 16px;\">\u2696\ufe0f Die L\u00f6sung: Scheidung in Deutschland<\/span><\/h2>\n<p data-start=\"1773\" data-end=\"1816\"><span style=\"font-size: 16px;\">Die rechtlich saubere L\u00f6sung ist eindeutig:<\/span><\/p>\n<blockquote data-start=\"1818\" data-end=\"1882\">\n<p data-start=\"1820\" data-end=\"1882\"><span style=\"font-size: 16px;\"><strong data-start=\"1820\" data-end=\"1882\">Beide Ehen m\u00fcssen in Deutschland erneut geschieden werden.<\/strong><\/span><\/p>\n<\/blockquote>\n<p data-start=\"1884\" data-end=\"1905\"><span style=\"font-size: 16px;\">Das bedeutet konkret:<\/span><\/p>\n<ul data-start=\"1907\" data-end=\"2079\">\n<li data-section-id=\"tzvkl6\" data-start=\"1907\" data-end=\"1959\"><span style=\"font-size: 16px;\">F\u00fcr <strong data-start=\"1913\" data-end=\"1957\">jede Ehe ein eigenes Scheidungsverfahren<\/strong><\/span><\/li>\n<li data-section-id=\"1lu0xk4\" data-start=\"1960\" data-end=\"2008\"><span style=\"font-size: 16px;\">Durchf\u00fchrung vor deutschen Familiengerichten<\/span><\/li>\n<li data-section-id=\"1tegq24\" data-start=\"2009\" data-end=\"2079\"><span style=\"font-size: 16px;\">unabh\u00e4ngig davon, dass im Ausland bereits Scheidungen erfolgt sind<\/span><\/li>\n<\/ul>\n<p data-start=\"2081\" data-end=\"2111\"><span style=\"font-size: 16px;\">Erforderlich sind dabei u. a.:<\/span><\/p>\n<ul data-start=\"2113\" data-end=\"2337\">\n<li data-section-id=\"tqtli4\" data-start=\"2113\" data-end=\"2160\"><span style=\"font-size: 16px;\">Einleitung von <strong data-start=\"2130\" data-end=\"2158\">zwei Scheidungsverfahren<\/strong><\/span><\/li>\n<li data-section-id=\"4herek\" data-start=\"2161\" data-end=\"2206\"><span style=\"font-size: 16px;\">Kl\u00e4rung der internationalen Zust\u00e4ndigkeit<\/span><\/li>\n<li data-section-id=\"1kpk9qr\" data-start=\"2207\" data-end=\"2279\"><span style=\"font-size: 16px;\">ggf. Umstellung des Verfahren auf <strong data-start=\"2228\" data-end=\"2277\"><span style=\"text-decoration: underline;\">Nicht<\/span>anerkennung beim Oberlandesgericht (OLG)<\/strong><\/span><\/li>\n<li data-section-id=\"1kkunfr\" data-start=\"2280\" data-end=\"2337\"><span style=\"font-size: 16px;\">Zustellung an beide Ehepartnerinnen (auch im Ausland)<\/span><\/li>\n<\/ul>\n<p data-start=\"2339\" data-end=\"2402\"><span style=\"font-size: 16px;\">\ud83d\udc49 Erst danach besteht ein rechtlich eindeutiger Personenstand.<\/span><\/p>\n<hr data-start=\"2404\" data-end=\"2407\" \/>\n<h2 data-section-id=\"1v3wu8i\" data-start=\"2409\" data-end=\"2431\"><span style=\"font-size: 16px;\">\u2753 Ist das strafbar?<\/span><\/h2>\n<p data-start=\"2433\" data-end=\"2462\"><span style=\"font-size: 16px;\">Viele Betroffene fragen sich:<\/span><\/p>\n<blockquote data-start=\"2464\" data-end=\"2538\">\n<p data-start=\"2466\" data-end=\"2538\"><span style=\"font-size: 16px;\">\u201eMache ich mich strafbar, wenn ich nach deutschem Recht zwei Ehen habe?\u201c<\/span><\/p>\n<\/blockquote>\n<p data-start=\"2540\" data-end=\"2575\"><span style=\"font-size: 16px;\">Die klare Antwort in diesen F\u00e4llen:<\/span><\/p>\n<p data-start=\"2577\" data-end=\"2610\"><span style=\"font-size: 16px;\">\ud83d\udc49 <strong data-start=\"2580\" data-end=\"2610\">Nein \u2013 in der Regel nicht.<\/strong><\/span><\/p>\n<p data-start=\"2612\" data-end=\"2618\"><span style=\"font-size: 16px;\">Warum?<\/span><\/p>\n<ul data-start=\"2620\" data-end=\"2842\">\n<li data-section-id=\"1w3fj5c\" data-start=\"2620\" data-end=\"2698\"><span style=\"font-size: 16px;\">Die Ehen und Scheidungen wurden im Ausland nach dortigem Recht geschlossen<\/span><\/li>\n<li data-section-id=\"157v936\" data-start=\"2699\" data-end=\"2770\"><span style=\"font-size: 16px;\">Die fehlende Anerkennung beruht auf Unterschieden der Rechtssysteme<\/span><\/li>\n<li data-section-id=\"a2191m\" data-start=\"2771\" data-end=\"2842\"><span style=\"font-size: 16px;\">Es liegt regelm\u00e4\u00dfig <strong data-start=\"2793\" data-end=\"2836\">kein vors\u00e4tzliches strafbares Verhalten<\/strong> vor<\/span><\/li>\n<\/ul>\n<p data-start=\"2844\" data-end=\"2918\"><span style=\"font-size: 16px;\">\ud83d\udc49 Wichtig ist jedoch:<\/span><br data-start=\"2866\" data-end=\"2869\" \/><span style=\"font-size: 16px;\"><strong data-start=\"2869\" data-end=\"2918\">Die Situation muss rechtlich geordnet werden.<\/strong><\/span><\/p>\n<hr data-start=\"2920\" data-end=\"2923\" \/>\n<h2 data-section-id=\"1l6rjew\" data-start=\"2925\" data-end=\"2981\"><span style=\"font-size: 16px;\">\ud83d\udc68\u200d\u2696\ufe0f Warum Sie einen erfahrenen Anwalt brauchen<\/span><\/h2>\n<p data-start=\"2983\" data-end=\"3080\"><span style=\"font-size: 16px;\">Der Fall der doppelten Nichtanerkennung geh\u00f6rt zu den schwierigsten Bereichen des Familienrechts.<\/span><\/p>\n<p data-start=\"3082\" data-end=\"3095\"><span style=\"font-size: 16px;\">Er erfordert:<\/span><\/p>\n<ul data-start=\"3097\" data-end=\"3327\">\n<li data-section-id=\"qh5nzw\" data-start=\"3097\" data-end=\"3149\"><span style=\"font-size: 16px;\">Erfahrung im <strong data-start=\"3112\" data-end=\"3147\">internationalen Scheidungsrecht<\/strong><\/span><\/li>\n<li data-section-id=\"15000zk\" data-start=\"3150\" data-end=\"3205\"><span style=\"font-size: 16px;\">Kenntnis der <strong data-start=\"3165\" data-end=\"3203\">OLG-Rechtsprechung zur Anerkennung<\/strong><\/span><\/li>\n<li data-section-id=\"835ws1\" data-start=\"3206\" data-end=\"3268\"><span style=\"font-size: 16px;\">sichere Durchf\u00fchrung von <strong data-start=\"3233\" data-end=\"3266\">mehreren parallelen Verfahren<\/strong><\/span><\/li>\n<li data-section-id=\"1w9kr1\" data-start=\"3269\" data-end=\"3327\"><span style=\"font-size: 16px;\">Umgang mit <strong data-start=\"3282\" data-end=\"3325\">ausl\u00e4ndischen Urkunden und Zustellungen<\/strong><\/span><\/li>\n<\/ul>\n<p data-start=\"3329\" data-end=\"3346\"><span style=\"font-size: 16px;\">Fehler k\u00f6nnen zu:<\/span><\/p>\n<ul data-start=\"3348\" data-end=\"3426\">\n<li data-section-id=\"xdnbey\" data-start=\"3348\" data-end=\"3375\"><span style=\"font-size: 16px;\">langen Verfahrenszeiten<\/span><\/li>\n<li data-section-id=\"1476f9v\" data-start=\"3376\" data-end=\"3399\"><span style=\"font-size: 16px;\">zus\u00e4tzlichen Kosten<\/span><\/li>\n<li data-section-id=\"1evdz9a\" data-start=\"3400\" data-end=\"3426\"><span style=\"font-size: 16px;\">rechtlichen Nachteilen<\/span><\/li>\n<\/ul>\n<p data-start=\"3428\" data-end=\"3435\"><span style=\"font-size: 16px;\">f\u00fchren.<\/span><\/p>\n<hr data-start=\"3437\" data-end=\"3440\" \/>\n<h2 data-section-id=\"da47u6\" data-start=\"3442\" data-end=\"3492\"><span style=\"font-size: 16px;\">\u2705 Ihre L\u00f6sung: Rechtssichere Kl\u00e4rung Ihrer Ehen<\/span><\/h2>\n<p data-start=\"3494\" data-end=\"3616\"><span style=\"font-size: 16px;\">Ich bin seit \u00fcber 25 Jahren im internationalen Familienrecht t\u00e4tig und habe bereits zahlreiche F\u00e4lle bearbeitet, in denen:<\/span><\/p>\n<ul data-start=\"3618\" data-end=\"3758\">\n<li data-section-id=\"sc2xry\" data-start=\"3618\" data-end=\"3654\"><span style=\"font-size: 16px;\">zwei ausl\u00e4ndische Ehen bestanden<\/span><\/li>\n<li data-section-id=\"bu8mjz\" data-start=\"3655\" data-end=\"3698\"><span style=\"font-size: 16px;\">zwei Scheidungen nicht anerkannt wurden<\/span><\/li>\n<li data-section-id=\"bro4ja\" data-start=\"3699\" data-end=\"3758\"><span style=\"font-size: 16px;\">beide Ehen in Deutschland neu geschieden werden mussten<\/span><\/li>\n<\/ul>\n<p data-start=\"3760\" data-end=\"3786\"><span style=\"font-size: 16px;\">Ich unterst\u00fctze Sie dabei:<\/span><\/p>\n<ul data-start=\"3788\" data-end=\"3935\">\n<li data-section-id=\"1aeb7wx\" data-start=\"3788\" data-end=\"3836\"><span style=\"font-size: 16px;\">Ihre Situation rechtlich korrekt einzuordnen<\/span><\/li>\n<li data-section-id=\"7maslu\" data-start=\"3837\" data-end=\"3888\"><span style=\"font-size: 16px;\">die notwendigen Scheidungsverfahren einzuleiten<\/span><\/li>\n<li data-section-id=\"16w6u29\" data-start=\"3889\" data-end=\"3935\"><span style=\"font-size: 16px;\">eine klare und sichere L\u00f6sung zu erreichen<\/span><\/li>\n<\/ul>\n<hr data-start=\"3937\" data-end=\"3940\" \/>\n<h2 data-section-id=\"1aixanb\" data-start=\"3942\" data-end=\"3970\"><span style=\"font-size: 16px;\">\ud83d\udcde Jetzt Beratung sichern<\/span><\/h2>\n<p data-start=\"3972\" data-end=\"3982\"><span style=\"font-size: 16px;\">Haben Sie:<\/span><\/p>\n<ul data-start=\"3984\" data-end=\"4110\">\n<li data-section-id=\"1pqearh\" data-start=\"3984\" data-end=\"4017\"><span style=\"font-size: 16px;\">im Ausland zweimal geheiratet<\/span><\/li>\n<li data-section-id=\"1176tex\" data-start=\"4018\" data-end=\"4047\"><span style=\"font-size: 16px;\">sich dort scheiden lassen<\/span><\/li>\n<li data-section-id=\"1ykqf2t\" data-start=\"4048\" data-end=\"4110\"><span style=\"font-size: 16px;\">und erfahren, dass dies in Deutschland nicht anerkannt wird?<\/span><\/li>\n<\/ul>\n<p data-start=\"4112\" data-end=\"4153\"><span style=\"font-size: 16px;\">\ud83d\udc49 Dann lassen Sie Ihre Situation pr\u00fcfen.<\/span><\/p>\n<p dir=\"ltr\"><span style=\"font-size: 16px;\">Wir freuen uns darauf, Ihnen zu helfen. F\u00fcllen Sie einfach das\u00a0<a href=\"https:\/\/scheidung-beratung-online.de\/?page_id=2148\" target=\"_blank\" rel=\"noopener\">Scheidungsformular<\/a>\u00a0aus oder nehmen Sie direkt Kontakt zu uns auf:<\/span><\/p>\n<p dir=\"ltr\"><span style=\"font-size: 16px;\">Festnetz aus Deutschland:\u00a0<a href=\"tel:+492331409319\"><strong>02331 409319<\/strong><\/a><\/span><\/p>\n<p dir=\"ltr\"><span style=\"font-size: 16px;\">Festnetz aus dem Ausland:\u00a0<a href=\"tel:+492331409319\"><strong>+492331409319<\/strong><\/a><\/span><\/p>\n<p dir=\"ltr\"><span style=\"font-size: 16px;\">Handy:\u00a0<strong><a href=\"tel:+491721570178\">+491721570178<\/a><\/strong><\/span><\/p>\n<p dir=\"ltr\"><span style=\"font-size: 16px;\">E-Mail:<strong>\u00a0<a href=\"mailto:info@twitting.eu\">info@twitting.eu<\/a><\/strong><\/span><\/p>\n<p dir=\"ltr\"><span style=\"font-size: 16px;\"><strong><a href=\"https:\/\/wa.me\/491721570178\">WhatsApp<\/a><\/strong><\/span><\/p>\n","protected":false},"excerpt":{"rendered":"<p>Kurz erkl\u00e4rt: Problem und L\u00f6sung bei doppelter Nichtanerkennung Ein besonders schwieriger Fall im internationalen Familienrecht liegt vor, wenn: zwei ausl\u00e4ndische Scheidungen in Deutschland nicht anerkannt werden. Das bedeutet:Ein Mann hat im Ausland zweimal geheiratet und zweimal geschieden \u2013 gilt aber &hellip; <a href=\"https:\/\/scheidung-beratung-online.de\/?page_id=4278\">Weiterlesen <span class=\"meta-nav\">&rarr;<\/span><\/a><\/p>\n","protected":false},"author":1,"featured_media":0,"parent":0,"menu_order":0,"comment_status":"closed","ping_status":"closed","template":"","meta":[],"aioseo_notices":[],"acf":[],"_links":{"self":[{"href":"https:\/\/scheidung-beratung-online.de\/index.php?rest_route=\/wp\/v2\/pages\/4278"}],"collection":[{"href":"https:\/\/scheidung-beratung-online.de\/index.php?rest_route=\/wp\/v2\/pages"}],"about":[{"href":"https:\/\/scheidung-beratung-online.de\/index.php?rest_route=\/wp\/v2\/types\/page"}],"author":[{"embeddable":true,"href":"https:\/\/scheidung-beratung-online.de\/index.php?rest_route=\/wp\/v2\/users\/1"}],"replies":[{"embeddable":true,"href":"https:\/\/scheidung-beratung-online.de\/index.php?rest_route=%2Fwp%2Fv2%2Fcomments&post=4278"}],"version-history":[{"count":8,"href":"https:\/\/scheidung-beratung-online.de\/index.php?rest_route=\/wp\/v2\/pages\/4278\/revisions"}],"predecessor-version":[{"id":4294,"href":"https:\/\/scheidung-beratung-online.de\/index.php?rest_route=\/wp\/v2\/pages\/4278\/revisions\/4294"}],"wp:attachment":[{"href":"https:\/\/scheidung-beratung-online.de\/index.php?rest_route=%2Fwp%2Fv2%2Fmedia&parent=4278"}],"curies":[{"name":"wp","href":"https:\/\/api.w.org\/{rel}","templated":true}]}}